n factor of w and 8.
2
Let a be -3 - 3/(12/(-40)). Calculate the highest common factor of 28 and a.
7
Let b(d) = -3*d + 4*d + 0*d - 4. Let c be 1*(3 - 3) + 7. Let i be b(c). What is the highest common divisor of i and 15?
3
Let m(n) = n**3 - 6*n**2 + 6. Let i be m(6). Suppose -5*h + 39 = -i. What is the highest common divisor of h and 81?
9
Suppose 2*w - 4*z = 26, w - 4*z - 5 = -0*z. What is the highest common factor of w and 7?
7
Suppose -p = -j + 4*j + 176, 4*j + 5*p + 220 = 0. Let n = -106 - j. Let m be 1/(-2)*n - -2. What is the greatest common factor of m and 10?
5
Let k = -33 + 58. Calculate the highest common divisor of 100 and k.
25
Suppose 5*m + 5*k - 10 = 0, -m - 2*m = -2*k - 6. Let b = -2 + m. Suppose -j - 2*j + 30 = b. Calculate the greatest common divisor of 4 and j.
2
Let h be (-4)/(18/12*3/(-27)). What is the highest common factor of 120 and h?
24
Let o = 12 - 12. Suppose -v - 1 + 17 = o. What is the greatest common factor of 64 and v?
16
Let a be (-27)/12*(-240)/9. What is the greatest common factor of 24 and a?
12
Let j(n) = -11*n + 3. Let f be j(-1). Calculate the greatest common divisor of 28 and f.
14
Let d(k) = -3*k + 1. Let v be d(-2). Suppose 4*n - 2*t = 258, -24 + 21 = t. Calculate the highest common factor of v and n.
7
Suppose 4*v + 96 = 2*h, 0 = -3*h - 5*v - 15 + 115. Suppose 8*s + 271 - 399 = 0. Calculate the greatest common factor of h and s.
8
Let k(z) = 2*z**3 - 2*z**2 + z - 2. Let x be k(2). Suppose -2*a = -24 + x. What is the greatest common factor of 40 and a?
8
Suppose -3*f - 15 = -0*f, -5*v + 125 = 5*f. Suppose -4*a - 50 = -9*a. Calculate the greatest common divisor of v and a.
10
Let s = 101 - 81. What is the greatest common divisor of 16 and s?
4
Let f(a) be the first derivative of -a**3/3 + 11*a**2/2 - 4*a - 2. Let o be f(11). Let g = o + 32. Calculate the greatest common factor of g and 4.
4
Let t = 9 - -6. What is the greatest common divisor of 120 and t?
15
Suppose -4*c + 2 + 10 = 0, 5*h = 4*c - 2. Let k = 52 - h. Let y = -13 + 23. Calculate the greatest common factor of y and k.
10
Suppose -2*v + 34 = -10. Calculate the highest common factor of v and 44.
22
Let n = -1 - 3. Let k = n - -9. What is the highest common factor of k and 25?
5
Let f = -11 - -25. Let i be 125 + (-1)/(1/(-1)). Calculate the greatest common factor of i and f.
14
Suppose 3*h = -6, 1 = -y - 3*h - 15. Let d = y + 11. What is the highest common factor of d and 1?
1
Let z = -12 + 29. What is the greatest common divisor of z and 119?
17
Let z be (-50)/4*(-6)/5. Let a = -11 + z. Calculate the highest common factor of 2 and a.
2
Suppose 3*g - 4*u - 181 = -73, 2*g - 4*u - 76 = 0. Let a(q) = 2*q**2. Let c be a(2). What is the highest common factor of g and c?
8
Let o = -23 - -48. Suppose 2*s - 20 = -2*i, 4*i - 2*s = 5 + 35. What is the highest common divisor of o and i?
5
Let b(g) = -g**3 + 10*g**2 - 8*g - 5. Let k be b(9). Suppose 266 = y - k*u, -2*y + 587 = 5*u - 2*u. Calculate the highest common factor of 26 and y.
26
Let o(q) = -2*q**3 + 3*q**2 - 2*q + 1. Let h be o(3). Let g = -3 + 2. Let v be (-6)/18*(h + g). What is the greatest common factor of v and 121?
11
Let v = 6 - -2. Let z = 32 - 12. Suppose 3*m = -3*r, -3*r + z = -2*m - 0*m. What is the highest common divisor of r and v?
4
Suppose -3 = 4*c - 3*s, -3*s + 5 = 2. Suppose c = -2*u - u + 12. Suppose -3*l - 2*l + 7 = n, -u*l - n + 5 = 0. What is the highest common divisor of l and 10?
2
Let y be 1 - (5 + 0) - (-68 - -4). Calculate the greatest common factor of y and 6.
6
Let p be 4/(-16)*0/1. Suppose p = 6*u - u - 115. What is the greatest common divisor of 46 and u?
23
Let d(b) = b**2 - 3*b - 1. Let a be d(-3). Let x = a + -8. What is the greatest common divisor of 18 and x?
9
Let b = -3 + 2. Let h = b + 17. Calculate the highest common divisor of 160 and h.
16
Let h(i) = -i**2 - 6*i + 5. Let m be h(-6). Calculate the highest common factor of m and 15.
5
Suppose 3*r - 102 = -2*c, -5*r + 2*c = c - 157. What is the greatest common factor of 256 and r?
32
Suppose -3*x + x + 32 = 0. Let t = -197 + 341. What is the greatest common divisor of x and t?
16
Suppose 2*u - 25 - 11 = 0. Calculate the highest common factor of 90 and u.
18
Suppose 2*k + 6 = -i, 2*i - 57 = 6*i - 3*k. Let l be (-78)/i - (-1)/2. What is the greatest common divisor of l and 56?
7
Let s = 10 + 2. What is the greatest common divisor of s and 60?
12
Let g(j) = -j + 8. Let q be g(7). Calculate the highest common factor of q and 8.
1
Suppose 2*s + 3 = -v + 43, -3*s = -4*v + 215. Let n = -37 + 57. What is the greatest common factor of n and v?
10
Let p be (-1)/(-2) - (-2282)/28. What is the highest common factor of p and 123?
41
Let r(x) = 23*x + 5. Let v be r(5). Suppose 0*u + 72 = 3*u. Calculate the highest common divisor of v and u.
24
Let q(d) = 3*d**2 - 3*d + 6. Let l be q(-4). What is the greatest common divisor of l and 88?
22
Let i = 400 - 225. Suppose 4 = -w + 5, -z + w = -i. What is the highest common divisor of 22 and z?
22
Let w be (-6 - 0)*5*-1. Suppose 66 = 4*o - w. Suppose -2*p - 5*g + 2*g + 24 = 0, 0 = -2*p - 2*g + o. What is the highest common factor of p and 60?
12
Suppose 7 = -r + 2*r. What is the greatest common factor of r and 56?
7
Suppose -u - 4*s = -3*s - 10, -3*u - 2*s + 34 = 0. What is the highest common divisor of u and 70?
14
Let y be (0/2)/(-9 - -11). Suppose 3*s + y*s - 48 = 0. Calculate the greatest common divisor of s and 40.
8
Suppose -4*f - 3*n + 4 = 0, -4*f + 4*n = n - 4. Let a(s) = s**2. Let c be a(2). Calculate the highest common factor of c and f.
1
Let v(i) = -13*i - 1. Let t be v(-1). Let p = -7 + t. Calculate the greatest common divisor of 15 and p.
5
Suppose 6*o - 12*o + 6 = 0. Calculate the highest common factor of 1 and o.
1
Let j(a) = a**2 + 8*a - 3. Let s be j(-12). Calculate the greatest common divisor of s and 9.
9
Suppose 2*b = 5*b - 4*h - 206, 5*h + 10 = 0. Let i = b + -180. Let f = 166 + i. What is the greatest common divisor of f and 13?
13
Let n be (9/3)/(6/50). Let j be 2/(-1) - -3*4. Calculate the highest common divisor of j and n.
5
Let r be 108/14 - (-10)/35. Suppose -i + 8 = -0*i. What is the greatest common divisor of i and r?
8
Suppose -4*g = g - 10. Let v be 1*(1 + g) + 11. Calculate the highest common divisor of 98 and v.
14
Let c be 0 + (-89 + -5)*(-5)/2. Calculate the highest common divisor of c and 47.
47
Let m be (0 - -1)/(5*(-5)/(-8775)). Calculate the greatest common factor of m and 39.
39
Let d(g) = 6*g**3 - g**2 + 10 - 10. Let x be d(1). Suppose x*c - 18 = 12. What is the greatest common factor of c and 18?
6
Let d = -35 - -115. What is the greatest common divisor of 10 and d?
10
Let j(t) = -t**3 - t**2 + 3. Let w be j(0). Calculate the greatest common divisor of 4 and w.
1
Suppose 0 = 5*j - 0*j - 35. What is the greatest common divisor of 63 and j?
7
Let d be 6 + 6/15*(-2 + 7). What is the greatest common factor of 1 and d?
1
Suppose 4*c = s - 43, 2*s = c - 0*c + 16. Let j = -5 - c. Suppose 4*o - 16 = -l, -6 - j = -l - 5*o. What is the greatest common divisor of l and 9?
9
Let w be (-15)/6*16/(-10). Suppose -g + w = 0, -3*z + 80 = 5*g - 3*g. Let q = 5 - -3. What is the highest common divisor of q and z?
8
Let i = 11 + -8. Let j = -5 - i. Let p = j + 17. What is the greatest common divisor of 9 and p?
9
Let f(r) = 3*r - 1. Let z be f(5). What is the greatest common divisor of z and 70?
14
Let v be (-33)/1*(-4 + 50/15). What is the greatest common divisor of 22 and v?
22
Let u(b) = -b**3 - 5*b**2 - 4*b - 2. Let a be u(-4). Let t = 3 + a. Calculate the highest common factor of 9 and t.
1
Let u = -15 + 21. Suppose 7 = r - u. Let s(n) = 28*n + 3. Let d be s(5). Calculate the greatest common factor of r and d.
13
Suppose -5*f - 2*c = -124, 48 = 5*f - 2*c - 88. What is the greatest common divisor of 208 and f?
26
Let v(r) = -2*r**2 + 25*r - 2. Let l be v(12). What is the greatest common factor of l and 90?
10
Suppose q = 5*c - q - 6, -4*c - 3*q - 9 = 0. Suppose -5*w + 20 + 0 = 3*v, -2*w + 3*v + 29 = c. What is the highest common divisor of w and 7?
7
Let r be -1 - (-1 - 0) - -2. Suppose 2*u - 5 = u. Suppose -u*h - 3 + 10 = -r*y, -17 = -2*y - 3*h. What is the highest common divisor of y and 32?
4
Suppose -118 = -2*l - 0*l + 2*t, -l = 4*t - 84. What i